{"id":2325,"date":"2023-09-11T22:11:53","date_gmt":"2023-09-12T01:11:53","guid":{"rendered":"https:\/\/estudioscoreanos.com\/?page_id=2325"},"modified":"2023-09-11T22:41:07","modified_gmt":"2023-09-12T01:41:07","slug":"congreso-vi","status":"publish","type":"page","link":"https:\/\/estudioscoreanos.com\/index.php\/congreso-vi\/","title":{"rendered":"Congreso VI"},"content":{"rendered":"\t\t<div data-elementor-type=\"wp-page\" data-elementor-id=\"2325\" class=\"elementor elementor-2325\">\n\t\t\t\t\t\t<section class=\"elementor-section elementor-top-section elementor-element elementor-element-8509096 elementor-section-boxed elementor-section-height-default elementor-section-height-default\" data-id=\"8509096\" data-element_type=\"section\">\n\t\t\t\t\t\t<div class=\"elementor-container elementor-column-gap-default\">\n\t\t\t\t\t<div class=\"elementor-column elementor-col-100 elementor-top-column elementor-element elementor-element-84e9c09\" data-id=\"84e9c09\" data-element_type=\"column\">\n\t\t\t<div class=\"elementor-widget-wrap elementor-element-populated\">\n\t\t\t\t\t\t<div class=\"elementor-element elementor-element-10e04e9 elementor-widget elementor-widget-spacer\" data-id=\"10e04e9\" data-element_type=\"widget\" data-widget_type=\"spacer.default\">\n\t\t\t\t<div class=\"elementor-widget-container\">\n\t\t\t\t\t\t\t<div class=\"elementor-spacer\">\n\t\t\t<div class=\"elementor-spacer-inner\"><\/div>\n\t\t<\/div>\n\t\t\t\t\t\t<\/div>\n\t\t\t\t<\/div>\n\t\t\t\t\t<\/div>\n\t\t<\/div>\n\t\t\t\t\t<\/div>\n\t\t<\/section>\n\t\t\t\t<section class=\"elementor-section elementor-top-section elementor-element elementor-element-fb98041 elementor-section-boxed elementor-section-height-default elementor-section-height-default\" data-id=\"fb98041\" data-element_type=\"section\">\n\t\t\t\t\t\t<div class=\"elementor-container elementor-column-gap-default\">\n\t\t\t\t\t<div class=\"elementor-column elementor-col-33 elementor-top-column elementor-element elementor-element-10deb7d\" data-id=\"10deb7d\" data-element_type=\"column\">\n\t\t\t<div class=\"elementor-widget-wrap elementor-element-populated\">\n\t\t\t\t\t\t<div class=\"elementor-element elementor-element-b2d407a elementor-widget elementor-widget-image\" data-id=\"b2d407a\" data-element_type=\"widget\" data-widget_type=\"image.default\">\n\t\t\t\t<div class=\"elementor-widget-container\">\n\t\t\t\t\t\t\t\t\t\t\t\t\t\t\t<img fetchpriority=\"high\" decoding=\"async\" width=\"193\" height=\"280\" src=\"https:\/\/estudioscoreanos.com\/wp-content\/uploads\/2023\/09\/aed334_40878954142446ea8ef07c573e1fb198mv2.webp\" class=\"attachment-large size-large wp-image-2373\" alt=\"\" \/>\t\t\t\t\t\t\t\t\t\t\t\t\t\t\t<\/div>\n\t\t\t\t<\/div>\n\t\t\t\t\t<\/div>\n\t\t<\/div>\n\t\t\t\t<div class=\"elementor-column elementor-col-66 elementor-top-column elementor-element elementor-element-d8bafef\" data-id=\"d8bafef\" data-element_type=\"column\">\n\t\t\t<div class=\"elementor-widget-wrap elementor-element-populated\">\n\t\t\t\t\t\t<div class=\"elementor-element elementor-element-76accee elementor-widget elementor-widget-text-editor\" data-id=\"76accee\" data-element_type=\"widget\" data-widget_type=\"text-editor.default\">\n\t\t\t\t<div class=\"elementor-widget-container\">\n\t\t\t\t\t\t\t\t\t<h3 class=\"font_3 wixui-rich-text__text\"><span class=\"wixui-rich-text__text\">VI Congreso Nacional de Estudios Coreanos<\/span><\/h3><h3 class=\"font_3 wixui-rich-text__text\"><span class=\"wixui-rich-text__text\">&#8220;En homenaje a los primeros colonos coreanos en Argentina&#8221;<\/span><\/h3><h3 class=\"font_3 wixui-rich-text__text\"><span class=\"wixui-rich-text__text\"><span class=\"wixGuard wixui-rich-text__text\">\u200b<\/span><\/span><\/h3><p class=\"font_8 wixui-rich-text__text\">Lugar: Villa La Angostura. Provincia del Neuqu\u00e9n.<\/p><p class=\"font_8 wixui-rich-text__text\">Organizan:<br class=\"wixui-rich-text__text\" \/>C\u00e1tedra Mundo Actual Afroasi\u00e1tico, Departamento de Historia, Facultad de Humanidades de la Universidad Nacional del Comahue y Asociaci\u00f3n Argentina de Estudios Coreanos<br class=\"wixui-rich-text__text\" \/>\u00a0<br class=\"wixui-rich-text__text\" \/>Coorganiza:<br class=\"wixui-rich-text__text\" \/>Sociedad Argentina de Corea<br class=\"wixui-rich-text__text\" \/>\u00a0<br class=\"wixui-rich-text__text\" \/>Prop\u00f3sito del Congreso:<br class=\"wixui-rich-text__text\" \/>La Universidad Nacional del Comahue, instituci\u00f3n regional, cuya \u00e1rea de influencia educativa abarca las provincias de R\u00edo Negro y Neuqu\u00e9n, reconoce un compromiso con aquellos primeros colonos coreanos llegados a la regi\u00f3n en 1965. Es menester, por ello, ofrecerles desde nuestra instituci\u00f3n un homenaje por varias razones. Entre ellas, por el significado hist\u00f3rico que los propios migrantes coreanos en nuestro pa\u00eds han reconocido, el del propio lugar en el mundo. Este reconocimiento no ha impactado como mereciera en el \u00e1mbito acad\u00e9mico. Consideramos \u00e9sta una oportunidad pertinente, mediante la organizaci\u00f3n del 6\u00b0 Congreso Nacional de Estudios Coreanos, de hacer sentir la voz acad\u00e9mica desde la Patagonia.<\/p><p class=\"font_8 wixui-rich-text__text\">No obstante, el encuentro deber\u00e1 reconocer la trayectoria de los anteriores y cumplir con las actividades habituales. Esto es, continuar la tradici\u00f3n de reunir a investigadores, docentes, graduados y estudiantes universitarios y terciarios dedicados a los estudios coreanos para abrir el debate, al tiempo que compartir y socializar los procesos de investigaci\u00f3n sobre las cuestiones m\u00e1s problem\u00e1ticas de las Coreas: las estrat\u00e9gicas, las econ\u00f3micas, las religiosas, las hist\u00f3ricas, las filos\u00f3ficas, las geogr\u00e1ficas, las sociales, las pol\u00edticas, las de relaciones internacionales, las de g\u00e9nero, las relacionadas con la producci\u00f3n literaria y cin\u00e9fila, entre otras que permitan un profundo abordaje acad\u00e9mico.\u00a0<\/p>\t\t\t\t\t\t\t\t<\/div>\n\t\t\t\t<\/div>\n\t\t\t\t<div class=\"elementor-element elementor-element-2986024 elementor-widget elementor-widget-spacer\" data-id=\"2986024\" data-element_type=\"widget\" data-widget_type=\"spacer.default\">\n\t\t\t\t<div class=\"elementor-widget-container\">\n\t\t\t\t\t\t\t<div class=\"elementor-spacer\">\n\t\t\t<div class=\"elementor-spacer-inner\"><\/div>\n\t\t<\/div>\n\t\t\t\t\t\t<\/div>\n\t\t\t\t<\/div>\n\t\t\t\t\t<\/div>\n\t\t<\/div>\n\t\t\t\t\t<\/div>\n\t\t<\/section>\n\t\t\t\t<\/div>\n\t\t","protected":false},"excerpt":{"rendered":"<p>VI Congreso Nacional de Estudios Coreanos &#8220;En homenaje a los primeros colonos coreanos en Argentina&#8221; \u200b Lugar: Villa La Angostura. Provincia del Neuqu\u00e9n. Organizan:C\u00e1tedra Mundo Actual Afroasi\u00e1tico, Departamento de Historia, Facultad de Humanidades de la Universidad Nacional del Comahue y Asociaci\u00f3n Argentina de Estudios Coreanos\u00a0Coorganiza:Sociedad Argentina de Corea\u00a0Prop\u00f3sito del Congreso:La Universidad Nacional del Comahue, instituci\u00f3n &hellip;<\/p>\n<p class=\"read-more\"> <a class=\"\" href=\"https:\/\/estudioscoreanos.com\/index.php\/congreso-vi\/\"> <span class=\"screen-reader-text\">Congreso VI<\/span> Leer m\u00e1s &raquo;<\/a><\/p>\n","protected":false},"author":1,"featured_media":0,"parent":0,"menu_order":0,"comment_status":"closed","ping_status":"closed","template":"elementor_header_footer","meta":{"_monsterinsights_skip_tracking":false,"_monsterinsights_sitenote_active":false,"_monsterinsights_sitenote_note":"","_monsterinsights_sitenote_category":0,"site-sidebar-layout":"no-sidebar","site-content-layout":"page-builder","ast-site-content-layout":"full-width-container","site-content-style":"unboxed","site-sidebar-style":"unboxed","ast-global-header-display":"","ast-banner-title-visibility":"","ast-main-header-display":"","ast-hfb-above-header-display":"","ast-hfb-below-header-display":"","ast-hfb-mobile-header-display":"","site-post-title":"disabled","ast-breadcrumbs-content":"","ast-featured-img":"disabled","footer-sml-layout":"","theme-transparent-header-meta":"disabled","adv-header-id-meta":"","stick-header-meta":"","header-above-stick-meta":"","header-main-stick-meta":"","header-below-stick-meta":"","astra-migrate-meta-layouts":"set","footnotes":""},"aioseo_notices":[],"rttpg_featured_image_url":null,"rttpg_author":{"display_name":"estudioscoreanos.com","author_link":"https:\/\/estudioscoreanos.com\/index.php\/author\/estudioscoreanos-com\/"},"rttpg_comment":0,"rttpg_category":null,"rttpg_excerpt":"VI Congreso Nacional de Estudios Coreanos &#8220;En homenaje a los primeros colonos coreanos en Argentina&#8221; \u200b Lugar: Villa La Angostura. Provincia del Neuqu\u00e9n. Organizan:C\u00e1tedra Mundo Actual Afroasi\u00e1tico, Departamento de Historia, Facultad de Humanidades de la Universidad Nacional del Comahue y Asociaci\u00f3n Argentina de Estudios Coreanos\u00a0Coorganiza:Sociedad Argentina de Corea\u00a0Prop\u00f3sito del Congreso:La Universidad Nacional del Comahue, instituci\u00f3n&hellip;","_links":{"self":[{"href":"https:\/\/estudioscoreanos.com\/index.php\/wp-json\/wp\/v2\/pages\/2325"}],"collection":[{"href":"https:\/\/estudioscoreanos.com\/index.php\/wp-json\/wp\/v2\/pages"}],"about":[{"href":"https:\/\/estudioscoreanos.com\/index.php\/wp-json\/wp\/v2\/types\/page"}],"author":[{"embeddable":true,"href":"https:\/\/estudioscoreanos.com\/index.php\/wp-json\/wp\/v2\/users\/1"}],"replies":[{"embeddable":true,"href":"https:\/\/estudioscoreanos.com\/index.php\/wp-json\/wp\/v2\/comments?post=2325"}],"version-history":[{"count":4,"href":"https:\/\/estudioscoreanos.com\/index.php\/wp-json\/wp\/v2\/pages\/2325\/revisions"}],"predecessor-version":[{"id":2376,"href":"https:\/\/estudioscoreanos.com\/index.php\/wp-json\/wp\/v2\/pages\/2325\/revisions\/2376"}],"wp:attachment":[{"href":"https:\/\/estudioscoreanos.com\/index.php\/wp-json\/wp\/v2\/media?parent=2325"}],"curies":[{"name":"wp","href":"https:\/\/api.w.org\/{rel}","templated":true}]}}

<div data-elementor-type="wp-page" data-elementor-id="2325" class="elementor elementor-2325">
						<section class="elementor-section elementor-top-section elementor-element elementor-element-8509096 elementor-section-boxed elementor-section-height-default elementor-section-height-default" data-id="8509096" data-element_type="section">
						<div class="elementor-container elementor-column-gap-default">
					<div class="elementor-column elementor-col-100 elementor-top-column elementor-element elementor-element-84e9c09" data-id="84e9c09" data-element_type="column">
			<div class="elementor-widget-wrap elementor-element-populated">
						<div class="elementor-element elementor-element-10e04e9 elementor-widget elementor-widget-spacer" data-id="10e04e9" data-element_type="widget" data-widget_type="spacer.default">
				<div class="elementor-widget-container">
							<div class="elementor-spacer">
			<div class="elementor-spacer-inner"></div>
		</div>
						</div>
				</div>
					</div>
		</div>
					</div>
		</section>
				<section class="elementor-section elementor-top-section elementor-element elementor-element-fb98041 elementor-section-boxed elementor-section-height-default elementor-section-height-default" data-id="fb98041" data-element_type="section">
						<div class="elementor-container elementor-column-gap-default">
					<div class="elementor-column elementor-col-33 elementor-top-column elementor-element elementor-element-10deb7d" data-id="10deb7d" data-element_type="column">
			<div class="elementor-widget-wrap elementor-element-populated">
						<div class="elementor-element elementor-element-b2d407a elementor-widget elementor-widget-image" data-id="b2d407a" data-element_type="widget" data-widget_type="image.default">
				<div class="elementor-widget-container">
															<img fetchpriority="high" decoding="async" width="193" height="280" src="https://estudioscoreanos.com/wp-content/uploads/2023/09/aed334_40878954142446ea8ef07c573e1fb198mv2.webp" class="attachment-large size-large wp-image-2373" alt="" />															</div>
				</div>
					</div>
		</div>
				<div class="elementor-column elementor-col-66 elementor-top-column elementor-element elementor-element-d8bafef" data-id="d8bafef" data-element_type="column">
			<div class="elementor-widget-wrap elementor-element-populated">
						<div class="elementor-element elementor-element-76accee elementor-widget elementor-widget-text-editor" data-id="76accee" data-element_type="widget" data-widget_type="text-editor.default">
				<div class="elementor-widget-container">
									<h3 class="font_3 wixui-rich-text__text"><span class="wixui-rich-text__text">VI Congreso Nacional de Estudios Coreanos</span></h3><h3 class="font_3 wixui-rich-text__text"><span class="wixui-rich-text__text">&#8220;En homenaje a los primeros colonos coreanos en Argentina&#8221;</span></h3><h3 class="font_3 wixui-rich-text__text"><span class="wixui-rich-text__text"><span class="wixGuard wixui-rich-text__text">​</span></span></h3><p class="font_8 wixui-rich-text__text">Lugar: Villa La Angostura. Provincia del Neuquén.</p><p class="font_8 wixui-rich-text__text">Organizan:<br class="wixui-rich-text__text" />Cátedra Mundo Actual Afroasiático, Departamento de Historia, Facultad de Humanidades de la Universidad Nacional del Comahue y Asociación Argentina de Estudios Coreanos<br class="wixui-rich-text__text" /> <br class="wixui-rich-text__text" />Coorganiza:<br class="wixui-rich-text__text" />Sociedad Argentina de Corea<br class="wixui-rich-text__text" /> <br class="wixui-rich-text__text" />Propósito del Congreso:<br class="wixui-rich-text__text" />La Universidad Nacional del Comahue, institución regional, cuya área de influencia educativa abarca las provincias de Río Negro y Neuquén, reconoce un compromiso con aquellos primeros colonos coreanos llegados a la región en 1965. Es menester, por ello, ofrecerles desde nuestra institución un homenaje por varias razones. Entre ellas, por el significado histórico que los propios migrantes coreanos en nuestro país han reconocido, el del propio lugar en el mundo. Este reconocimiento no ha impactado como mereciera en el ámbito académico. Consideramos ésta una oportunidad pertinente, mediante la organización del 6° Congreso Nacional de Estudios Coreanos, de hacer sentir la voz académica desde la Patagonia.</p><p class="font_8 wixui-rich-text__text">No obstante, el encuentro deberá reconocer la trayectoria de los anteriores y cumplir con las actividades habituales. Esto es, continuar la tradición de reunir a investigadores, docentes, graduados y estudiantes universitarios y terciarios dedicados a los estudios coreanos para abrir el debate, al tiempo que compartir y socializar los procesos de investigación sobre las cuestiones más problemáticas de las Coreas: las estratégicas, las económicas, las religiosas, las históricas, las filosóficas, las geográficas, las sociales, las políticas, las de relaciones internacionales, las de género, las relacionadas con la producción literaria y cinéfila, entre otras que permitan un profundo abordaje académico. </p>								</div>
				</div>
				<div class="elementor-element elementor-element-2986024 elementor-widget elementor-widget-spacer" data-id="2986024" data-element_type="widget" data-widget_type="spacer.default">
				<div class="elementor-widget-container">
							<div class="elementor-spacer">
			<div class="elementor-spacer-inner"></div>
		</div>
						</div>
				</div>
					</div>
		</div>
					</div>
		</section>
				</div>

<p>VI Congreso Nacional de Estudios Coreanos &#8220;En homenaje a los primeros colonos coreanos en Argentina&#8221; ​ Lugar: Villa La Angostura. Provincia del Neuquén. Organizan:Cátedra Mundo Actual Afroasiático, Departamento de Historia, Facultad de Humanidades de la Universidad Nacional del Comahue y Asociación Argentina de Estudios Coreanos Coorganiza:Sociedad Argentina de Corea Propósito del Congreso:La Universidad Nacional del Comahue, institución &hellip;</p>
<p class="read-more"> <a class="" href="https://estudioscoreanos.com/index.php/congreso-vi/"> <span class="screen-reader-text">Congreso VI</span> Leer más &raquo;</a></p>

VI Congreso Nacional de Estudios Coreanos &#8220;En homenaje a los primeros colonos coreanos en Argentina&#8221; ​ Lugar: Villa La Angostura. Provincia del Neuquén. Organizan:Cátedra Mundo Actual Afroasiático, Departamento de Historia, Facultad de Humanidades de la Universidad Nacional del Comahue y Asociación Argentina de Estudios Coreanos Coorganiza:Sociedad Argentina de Corea Propósito del Congreso:La Universidad Nacional del Comahue, institución&hellip;
